remainder when 281 is divided by 73?
62
What is the remainder when 9090 is divided by 504?
18
What is the remainder when 28476 is divided by 64?
60
What is the remainder when 3532 is divided by 701?
27
What is the remainder when 21387 is divided by 148?
75
What is the remainder when 768 is divided by 355?
58
What is the remainder when 43353 is divided by 4816?
9
What is the remainder when 330560 is divided by 110133?
161
What is the remainder when 6554 is divided by 2138?
140
Calculate the remainder when 208693 is divided by 58.
9
Calculate the remainder when 250627 is divided by 892.
867
Calculate the remainder when 1863 is divided by 641.
581
What is the remainder when 15485 is divided by 102?
83
Calculate the remainder when 251 is divided by 62.
3
What is the remainder when 6749 is divided by 1228?
609
Calculate the remainder when 36968 is divided by 18483.
2
What is the remainder when 2864 is divided by 65?
4
Calculate the remainder when 574 is divided by 194.
186
What is the remainder when 5172 is divided by 237?
195
Calculate the remainder when 3677 is divided by 29.
23
What is the remainder when 5131 is divided by 22?
5
Calculate the remainder when 51791 is divided by 836.
795
Calculate the remainder when 579982 is divided by 172.
170
Calculate the remainder when 35929 is divided by 624.
361
What is the remainder when 44909 is divided by 269?
255
What is the remainder when 65867 is divided by 16443?
95
Calculate the remainder when 8367 is divided by 224.
79
Calculate the remainder when 185728 is divided by 61899.
31
Calculate the remainder when 7225 is divided by 3531.
163
What is the remainder when 106588 is divided by 22?
20
Calculate the remainder when 40076 is divided by 21.
8
Calculate the remainder when 13928 is divided by 6696.
536
What is the remainder when 2635 is divided by 94?
3
Calculate the remainder when 6259 is divided by 190.
179
What is the remainder when 112490 is divided by 67?
64
What is the remainder when 9135 is divided by 2905?
420
Calculate the remainder when 6644 is divided by 469.
78
Calculate the remainder when 9273 is divided by 772.
9
What is the remainder when 29832 is divided by 364?
348
What is the remainder when 23260 is divided by 7749?
13
What is the remainder when 1683 is divided by 110?
33
What is the remainder when 27550 is divided by 85?
10
Calculate the remainder when 41197 is divided by 16.
13
What is the remainder when 1256 is divided by 654?
602
What is the remainder when 8667 is divided by 255?
252
What is the remainder when 9126 is divided by 820?
106
What is the remainder when 52910 is divided by 95?
90
Calculate the remainder when 16976 is divided by 2121.
8
Calculate the remainder when 387437 is divided by 6797.
8
What is the remainder when 986159 is divided by 219?
2
Calculate the remainder when 938 is divided by 59.
53
Calculate the remainder when 495 is divided by 177.
141
What is the remainder when 129680 is divided by 31?
7
Calculate the remainder when 893876 is divided by 15.
11
What is the remainder when 44200 is divided by 14732?
4
Calculate the remainder when 4251 is divided by 87.
75
Calculate the remainder when 27478 is divided by 10.
8
Calculate the remainder when 9935 is divided by 4961.
13
What is the remainder when 11594 is divided by 166?
140
Calculate the remainder when 18186 is divided by 4.
2
What is the remainder when 163 is divided by 141?
22
Calculate the remainder when 27726 is divided by 69.
57
Calculate the remainder when 249 is divided by 43.
34
What is the remainder when 47990 is divided by 38?
34
Calculate the remainder when 981922 is divided by 9.
4
Calculate the remainder when 29886 is divided by 3734.
14
Calculate the remainder when 10193 is divided by 1490.
1253
Calculate the remainder when 192487 is divided by 108.
31
Calculate the remainder when 13255 is divided by 4413.
16
What is the remainder when 375397 is divided by 13?
9
Calculate the remainder when 491 is divided by 359.
132
What is the remainder when 1987217 is divided by 496804?
1
What is the remainder when 11792 is divided by 47?
42
What is the remainder when 20972 is divided by 6980?
32
What is the remainder when 21989 is divided by 199?
99
What is the remainder when 4958 is divided by 158?
60
What is the remainder when 353312 is divided by 58883?
14
Calculate the remainder when 11132 is divided by 2380.
1612
What is the remainder when 2153 is divided by 423?
38
Calculate the remainder when 44723 is divided by 2630.
13
What is the remainder when 2792 is divided by 974?
844
What is the remainder when 13206 is divided by 1320?
6
What is the remainder when 2831 is divided by 600?
431
Calculate the remainder when 95597 is divided by 478.
475
Calculate the remainder when 2731 is divided by 421.
205
What is the remainder when 9147 is divided by 9128?
19
Calculate the remainder when 3782 is divided by 344.
342
What is the remainder when 2265 is divided by 68?
21
Calculate the remainder when 44626 is divided by 6298.
540
What is the remainder when 9463 is divided by 43?
3
Calculate the remainder when 177926 is divided by 59304.
14
Calculate the remainder when 21514 is divided by 80.
74
Calculate the remainder when 2538 is divided by 58.
44
Calculate the remainder when 6288 is divided by 524.
0
Calculate the remainder when 2686 is divided by 27.
13
Calculate the remainder when 1845 is divided by 526.
267
Calculate the remainder when 169834 is divided by 7384.
2
Calculate the remainder when 20041 is divided by 10020.
1
What is the remainder when 69511 is divided by 24?
7
What is the remainder when 14238 is divided by 4736?
30
What is the remainder when 235229 is divided by 18094?
7
Calculate the remainder when 44950 is divided by 956.
18
Calculate the remainder when 87663 is divided by 447.
51
Calculate the remainder when 1481 is divided by 493.
2
What is the remainder when 805 is divided by 36?
13
Calculate the remainder when 1226882 is divided by 589.
584
Calculate the remainder when 134510 is divided by 13450.
10
What is the remainder when 44862 is divided by 119?
118
Calculate the remainder when 168148 is divided by 431.
58
What is the remainder when 24741 is divided by 312?
93
Calculate the remainder when 179839 is divided by 160.
159
Calculate the remainder when 268587 is divided by 113.
99
What is the remainder when 13285 is divided by 57?
4
What is the remainder when 15722 is divided by 18?
8
What is the remainder when 663 is divided by 362?
301
What is the remainder when 6305 is divided by 788?
1
Calculate the remainder when 21433 is divided by 151.
142
Calculate the remainder when 716 is divided by 105.
86
What is the remainder when 103543 is divided by 344?
343
What is the remainder when 33376 is divided by 4157?
120
Calculate the remainder when 26564 is divided by 5.
4
What is the remainder when 411790 is divided by 1654?
1598
Calculate the remainder when 22893 is divided by 5639.
337
What is the remainder when 47654 is divided by 28?
26
Calculate the remainder when 163715 is divided by 36.
23
Calculate the remainder when 234806 is divided by 645.
26
What is the remainder when 3155 is divided by 143?
9
Calculate the remainder when 87449 is divided by 87401.
48
What is the remainder when 8278 is divided by 285?
13
Calculate the remainder when 1596 is divided by 1191.
405
Calculate the remainder when 13050 is divided by 48.
42
What is the remainder when 2200 is divided by 719?
43
What is the remainder when 24433 is divided by 627?
607
Calculate the remainder when 565258 is divided by 60.
58
What is the remainder when 3687 is divided by 1227?
6
Calculate the remainder when 223172 is divided by 231.
26
Calculate the remainder when 639 is divided by 319.
1
Calculate the remainder when 2096 is divided by 49.
38
Calculate the remainder when 480 is divided by 23.
20
What is the remainder when 6224 is divided by 189?
176
What is the remainder when 19172 is divided by 1233?
677
Calculate the remainder when 33666 is divided by 396.
6
What is the remainder when 52521 is divided by 183?
0
What is the remainder when 50399 is divided by 63?
62
Calculate the remainder when 21945 is divided by 610.
595
Calculate the remainder when 3653071 is divided by 116.
115
What is the remainder when 52355 is divided 